) - 5*b(m). What are the prime factors of j(-2)?
3
Let g be 264/15 + 4/10. Let h be (-152)/(-36) - 4/g. Let x(c) = 4*c - 4. What are the prime factors of x(h)?
2, 3
Let v(i) = i**3 - 18*i**2 + 18*i - 5. Let j be v(17). What are the prime factors of (2/1)/(j/1104)?
2, 23
Let p be (-5)/(-60)*8 + 8/6. Suppose 4*r + l = 590, -2*r - p*l = -7*r + 731. What are the prime factors of r?
3, 7
List the prime factors of (-30)/60 + (-7839)/(-6).
2, 653
Let g(a) = 7*a**2 - 8*a - 5. List the prime factors of g(-4).
139
List the prime factors of (75 - (-4 - 1))*40.
2, 5
Suppose 5*z - 4*r - 1596 - 1842 = 0, z - 5*r - 696 = 0. What are the prime factors of z?
2, 7
Suppose -9*r - 8 = -35. Suppose r*m - 128 + 17 = 0. What are the prime factors of m?
37
Let g be 135/6*(-16)/(-12). Let q = 77 - g. What are the prime factors of q?
47
Suppose -148 = -4*y + 676. Let p = -72 + y. What are the prime factors of p?
2, 67
List the prime factors of (-9567)/27*3*-1.
1063
Suppose 0 = 4*z - 7*j + 2*j - 17, -2*j = -5*z. Let i = z - -23. List the prime factors of i.
3, 7
Let m be 22/4 - (-2)/(-4). Suppose 2*v + y + 3*y = 36, -3*v + y + 26 = 0. List the prime factors of m/(v/46) - 1.
2, 11
Let v be 0 - 4 - -3 - -3. Suppose -10 = -4*w - g - 0, 0 = 5*w - 4*g - v. Suppose -6*r + 44 = -w*r. List the prime factors of r.
11
Let y(j) = -j**2 + 8*j + 2. Let w be y(8). Let u = w + 0. Suppose 0 = u*a - 17 + 5. List the prime factors of a.
2, 3
Let p be (8/20)/((-2 - -1)/(-15)). Let n(d) = d**3 - 6*d**2 + 5*d + 4. What are the prime factors of n(p)?
2, 17
Let l(v) = v**2 - 12*v - 3. Suppose -11*m + 10*m = -2. Let p(q) = 4*q + 1. Let j(b) = m*l(b) + 7*p(b). List the prime factors of j(3).
31
Suppose -f + 4*r = -0*f - 303, 0 = 5*f + 2*r - 1537. List the prime factors of f.
307
Let p(l) = 0 - 11*l**2 - 5 + 0*l**2. Let y(t) = 6*t**2 + 3. Let w(n) = -4*p(n) - 7*y(n). What are the prime factors of w(-2)?
7
Let u(g) be the second derivative of 4*g**3 - g**2 + 8*g. What are the prime factors of u(2)?
2, 23
Let t be 3 + 0/(-4)*1. Suppose -13 + 109 = t*l. Let h = l + -17. List the prime factors of h.
3, 5
Suppose -5*h + 0*h + 10 = 0. Suppose 4*u - h - 66 = 0. What are the prime factors of u?
17
Let g(v) = 8*v**2 - 18*v - 107. What are the prime factors of g(-5)?
3, 61
Let s be (-8)/(-5) - (-10)/25. Suppose -s = -3*b - 5*j, 0*b + 2*j = 5*b - 24. Suppose -31 = -5*q - b*r, 0*r = 3*q + 4*r - 25. List the prime factors of q.
3
Let z(l) = l**2 + l - 4. Let f be z(-3). Suppose -w = 2 + f, 3*w - 43 = -5*o. List the prime factors of o.
11
Let h be (-8)/(-3) - (-1)/3. Suppose 2*m + 4*y + 2 = 0, -3*m + 2*y = -h*y + 3. Let j = 22 + m. List the prime factors of j.
3, 7
Let j be (-120)/(-4) + -1 + 1. Let g = 37 - j. What are the prime factors of g?
7
Let v(k) = -46*k + 6. Let y be v(1). What are the prime factors of (y/6 + 2)*(-108)/42?
2, 3
Let o(s) = s**2 - 9. Suppose -7*t + 55 = -1. List the prime factors of o(t).
5, 11
What are the prime factors of ((-45)/(-135))/(1 + 6922/(-6924))?
2, 577
Let d(g) = 5*g - 31. Let z be d(7). List the prime factors of (-6)/z*(-252)/27.
2, 7
Suppose -x - 24 = -5*x. Suppose -4*v = -5*q - 16, v + 5 = 5*q - x. What are the prime factors of v?
3
Suppose -4*g = 3*s - 1676, 0*s - 1116 = -2*s - 4*g. What are the prime factors of s?
2, 5, 7
What are the prime factors of 431 + 5 + (-70)/(-10)?
443
Suppose 16651 = 20*c - 29449. What are the prime factors of c?
5, 461
List the prime factors of ((-6)/4)/(-3 + 3773/1260).
2, 3, 5
Suppose 4*b + 4*n - 36 = 0, 0 = -n - 3 + 6. Suppose -b*v = -3*v - 198. Let j = v - 27. List the prime factors of j.
3, 13
Let g be 25*(-2)/10*-1. Suppose -12 = z - g*z. Suppose -6 = 3*m - z, -3*m + 117 = 5*d. List the prime factors of d.
2, 3
Suppose 3*f + 4*b = -248, -b + 4 + 0 = 0. Let h be 2/(-2) - f/(-4). Let n = -17 - h. List the prime factors of n.
2, 3
Suppose 25 = 5*c + 5. Suppose -c*d + 3*i + 70 = -33, -3*d + 46 = 4*i. Suppose -17*t = -d*t + 135. What are the prime factors of t?
3
Let i be -2 + 6/9*6. Suppose i*m + 3*n - 4 - 17 = 0, -n + 3 = 0. Suppose 3*a - 4*q - 18 - m = 0, -2*a - 3*q + 16 = 0. What are the prime factors of a?
2
Let v = 6672 - 2908. List the prime factors of v.
2, 941
Suppose 2*m + 0*m - 3*n = 6, -15 = -5*m - 5*n. Let r be -13 + 0 + (m - 5). Let g = 41 + r. List the prime factors of g.
2, 13
Suppose 351*o - 355*o + 3*i = -2655, 5*o - 2*i - 3317 = 0. What are the prime factors of o?
3, 13, 17
Suppose -2*w + 57 = 29. Let x(g) = -2*g - 8. Let a be x(-6). Suppose 5 = 3*m - p, 2*m + 3*m + a*p = w. What are the prime factors of m?
2
Suppose -17*y - 4 = -21*y. List the prime factors of 346*(-4*y + (-72)/(-16)).
173
Let d(t) = -27*t**2 + 3*t + 24. Let j be d(-7). What are the prime factors of (j/96)/(-1*(-2)/(-8))?
5, 11
Suppose 4*u - 5*m - 329 = 320, -m - 785 = -5*u. Let p = u - 49. List the prime factors of p.
107
Suppose -8*q + 503 = -169. List the prime factors of q.
2, 3, 7
Suppose 0*u - 50 = -5*u. Suppose n - 3*d = -2, -3*n + u = -3*d - 2*d. Let k(o) = 5*o - 11. What are the prime factors of k(n)?
3, 13
Suppose 2*o + 3*s - 168 = 0, 0 = 4*o - 3*o + 2*s - 86. Let t = o + -50. List the prime factors of t.
2, 7
Suppose 0 = 182*i - 161*i - 49497. List the prime factors of i.
2357
Let y be 7/49 - (-2)/(-14). Suppose y = p + 3, 6*p - 3*p - 587 = -4*a. Suppose 4*n + 37 = a. What are the prime factors of n?
2, 7
Let m(k) = 2*k**2 - 7*k + 4. Let w be m(4). Let o(p) = p**3 - 7*p**2 - 6*p + 16. List the prime factors of o(w).
2
Let t = 443 + -302. List the prime factors of t.
3, 47
Suppose 0 = -2*j + 6 - 10. Let n(i) = -20*i - 6. Let y be n(j). Suppose -c + y = 2*x, 5*c - 2*c = -x + 12. List the prime factors of x.
2, 3
Let g(n) = 44*n**2 - 9*n + 13. List the prime factors of g(2).
3, 19
Let l be ((-3)/3)/(2/(-50)). Suppose 3*h - a = 1 + l, -a + 30 = 5*h. Let t(z) = -z**3 + 7*z**2 + 2*z - 1. What are the prime factors of t(h)?
13
Suppose -4*w - 16 = -20. List the prime factors of (26 + 0)*(0 + w).
2, 13
Let o(h) = -3*h**2 - 3*h - 2. Let k(g) = -g**2. Suppose 0 = -3*q + 12. Let i(j) = q*k(j) - o(j). What are the prime factors of i(3)?
2
Let q be 1*-2*2/(-4). Let h(c) = -88*c**3 + 9*c**2 + 2. Let w(v) = 45*v**3 - 4*v**2 - 1. Let k(l) = 6*h(l) + 13*w(l). List the prime factors of k(q).
2, 29
Suppose 0 = -8*w + 22766 + 6666. List the prime factors of w.
13, 283
Let k(j) = 14*j**2 + 25*j + 67. List the prime factors of k(-3).
2, 59
Suppose r = 5*k - 364 - 110, 4*k = 2*r + 384. Suppose 379 = 3*g + k. List the prime factors of g.
5, 19
Suppose 38 = 3*z - 151. Let q = 403 + -424. Let c = q + z. List the prime factors of c.
2, 3, 7
List the prime factors of 151 - (-2 - (-1 + -3)).
149
Let v(q) = 4*q**2 + 2*q - 3*q - 2*q**3 - 1 + 3*q. List the prime factors of v(-2).
3
Let j(l) = 6*l**2 + l. Let p be j(-1). Suppose -t + 60 = p*r, 3*r = 1 + 5. Suppose 136 = 5*c + 3*f - t, -4*c + 4*f + 168 = 0. List the prime factors of c.
3, 13
Suppose -4*y - z = -0*z + 30, 15 = -y - 4*z. Let x(p) = -p**2 - 14*p + 20. What are the prime factors of x(y)?
3, 23
Suppose 2*m = -m - 114. Let o(c) = 2*c**3 + 17*c**2 + 7*c - 15. Let q be o(-7). Let x = m + q. What are the prime factors of x?
3, 5
Let a(m) = -65*m + 191. What are the prime factors of a(-17)?
2, 3
Suppose 15 + 11 = -2*x. Let h(v) = -v + 25. What are the prime factors of h(x)?
2, 19
What are the prime factors of 11879/(-56)*-4 + 15/10?
2, 5, 17
Suppose -2*t = 5*n - 148, 2*n = 2*t - 3*n - 188. Let o = t - 49. List the prime factors of o.
5, 7
Let y(j) = j**3 + 11*j**2 - 2*j - 16. Let h be y(-11). What are the prime factors of 87 + ((-1)/2 + 1)*h?
2, 3, 5
Let s(k) be the second derivative of k**6/360 + k**5/120 - k**4/24 - 4*k**3/3 + 6*k. Let h(o) be the second derivative of s(o). List the prime factors of h(6).
41
Suppose 0 = 3*l, -4*l = 3*w - 5*l - 27. Suppose -w*z + 53 = -208. What are the prime factors of z?
29
Let t = -13 + 130. Suppose 0 = 2*b + 3*u - t, -4*b - 3*u = -b - 177. List the prime factors of b.
2, 3, 5
Let g(n) = n**3 - 3*n**2 - 11*n + 9. Let q be g(5). Let c(a) = 2*a**2 + 2*a + 1. Let j be c(-1). Suppose b = q - j. What are the prime factors of b?
3
Let u(b) = -15*b + 8. Let z be u(-11). What are the prime factors of (z - -7) + -4*1?
2, 11
Let v(z) = -z**3 - 2*z**2 - 3. Let f(h) = 4*h**3 - h**2 - 2*h -